?
3, 5
Let j(s) = -11*s - 1. Let t(r) = -r + 4. Let i be t(5). Let l be j(i). Let b = l - 0. What are the prime factors of b?
2, 5
Suppose -122 = 5*z - 787. What are the prime factors of z?
7, 19
Suppose -36*j = -37*j + 42. What are the prime factors of j?
2, 3, 7
List the prime factors of -1 - (3*-5 + 2).
2, 3
Suppose 30 = -2*o - 3*o. Let y be -2 + o/(2/1). List the prime factors of (-2)/(-5) - 58/y.
2, 3
Suppose 80 = 5*d - 70. Let y = 4 - 2. List the prime factors of (5/15)/(y/d).
5
Suppose -5 = -3*h + 1. Suppose -9 = -5*m + 46. Suppose 5*c + m = -2*x, h*x + 1 - 40 = 5*c. List the prime factors of x.
7
Let q(x) = x + 20. Let y(s) = -s**3 - 3*s**2 + 5*s + 4. Let k be y(-3). List the prime factors of q(k).
3
Let s = 126 - 41. What are the prime factors of s?
5, 17
Let k(t) = -64*t + 2. List the prime factors of k(-1).
2, 3, 11
Let m(j) = j**2 - 8*j + 7. Let a be m(8). Let s(u) = -u**3 + 6*u**2 + 7*u + 4. Let y be s(a). Suppose y*r - 11 = 25. List the prime factors of r.
3
Suppose 4*y - y + 87 = 0. Let i = y + 50. What are the prime factors of i?
3, 7
Let p(v) = 2*v. Let j = 3 + -1. Let k be p(j). Suppose -k*c = -16 - 4. List the prime factors of c.
5
Let g(z) = -z**2 - 9*z + 14. Let d be g(-10). Suppose -7*l + 3*l + 2*o = -40, 2*l - 10 = -d*o. List the prime factors of l.
3
Let b be 3*(0 - (-30)/9). Suppose -2*w - 4*d = d - b, -12 = -w + d. What are the prime factors of w?
2, 5
Let h = -6 - -4. Let w = 4 + h. Suppose -4*z = -n + 5, -5*n + w*z - 4 = -29. List the prime factors of n.
5
Suppose 4*a + 40 = p, 4*a - 3*p + 52 = p. Let d(v) = -v**2 - 13*v + 3. List the prime factors of d(a).
3, 13
Suppose 2*z = -4*r - 2, -r + 5*z = 2*r - 31. Suppose 6*i - 220 = r*i. List the prime factors of i.
5, 11
Suppose -5*r = -5*m - 0*m - 120, -5*r - 4*m = -75. Suppose -2 = n - r. List the prime factors of n.
17
Let z(f) = f**3 + f**2 - 2*f + 59. List the prime factors of z(0).
59
Let t(m) = -20*m + 17. Let z(c) = 7*c - 6. Let x(h) = 6*t(h) + 17*z(h). Let k be x(-4). Let f = k - 0. What are the prime factors of f?
2
Let i(q) = -14*q**2 - q - 1. Let k be i(-1). Let y = 24 + k. List the prime factors of y.
2, 5
Suppose -260 = -2*l - 3*l. Suppose -l = -5*h + h. Let i = 19 - h. List the prime factors of i.
2, 3
What are the prime factors of 4 - ((-50 - 3) + 1)?
2, 7
Let f(g) = -g**2 + 31*g - 42. List the prime factors of f(14).
2, 7
Let z = 0 + -4. Let m be 4/z - (-1 + -6). Suppose -m*r = -r - 65. List the prime factors of r.
13
Let w = 7 - 7. Let m be 4/(-5)*(w - -5). What are the prime factors of (-6 - -2)*2/m?
2
Let u(l) = l - 3. Let b be u(4). Let m(y) = -y**2 + 8*y - 9. Let c be m(7). List the prime factors of b - ((-2)/c - 5).
5
What are the prime factors of (34 + -3)/(0 - -1)?
31
Let z = -1 - -6. Suppose -s = -5*c + 3, s + c - z + 2 = 0. List the prime factors of s.
2
Let u(r) = 12*r - 9. List the prime factors of u(5).
3, 17
Let u be (-38)/(-6) - 2/6. Suppose 5*s - 96 = 204. Suppose 0 = -t + u*t - s. What are the prime factors of t?
2, 3
List the prime factors of (29/(-4))/(1/(-4)).
29
Let x(h) = 14 - 2*h - 8*h**2 - 7 + 7*h**2. Let k be x(-6). Let l = -9 - k. List the prime factors of l.
2
Let f(z) = 3*z**2 + 11*z - 7. Let y = -11 - -5. What are the prime factors of f(y)?
5, 7
Suppose 4*d - 3*x - 17 = 0, 5*x - 10 = -d - 0*d. Let j = d - 0. List the prime factors of j.
5
Let b be (-9)/(1/(2/(-3))). Let y be (18/(-7))/(b/(-28)). Suppose -2*f + 11 = -f - m, y = f - 2*m. List the prime factors of f.
2, 5
Suppose -276 = -9*p + 3*p. What are the prime factors of p?
2, 23
Let q = 206 + 25. What are the prime factors of q?
3, 7, 11
Let d(s) = -s**2 + 7*s - 6. Let c be d(6). Suppose -4*q - h + 67 = -142, -h - 3 = c. Let t = q + -38. What are the prime factors of t?
3, 5
Suppose 8*i - 384 = -0*i. List the prime factors of i.
2, 3
Let h(f) = -f**3 - 5*f**2 - 7*f - 6. List the prime factors of h(-6).
2, 3
Let k(x) = -x - 4*x**2 + x**2 + 4*x**2 + 0*x**2 + 2. What are the prime factors of k(2)?
2
Let t(l) = l**3 + 3*l**2 - l. Let o be t(-3). Suppose -2*v + v = -o. What are the prime factors of v?
3
Suppose 2*c + 10 = -2*t, 0*c = 2*c + t + 6. What are the prime factors of 18/2 - (-2 - c)?
2, 5
Let y be (10/(-8))/((-4)/16). Suppose y*t - t - 16 = 0. What are the prime factors of t/(-5)*35/(-2)?
2, 7
Let a be 2*3 - (-4)/(-2). Suppose -44 - 16 = -a*c. Suppose 0 = 2*i - c - 9. What are the prime factors of i?
2, 3
Let t be (-2)/(-4) + 1/2. Suppose -2*w + 3*w - t = 0. Suppose -4*s - w = -13. List the prime factors of s.
3
Let a = -1 + 2. Let r be (0 - 1) + (a - 1). Let c(g) = 12*g**2 - 1. What are the prime factors of c(r)?
11
Let w(u) = u**3 + 5*u**2 - 8*u - 6. Let o be w(-6). Suppose 0 = -v - 5, 0 - o = i + 2*v. List the prime factors of i/(-22) - (-272)/44.
2, 3
Suppose 8 + 2 = 5*j. Let t be -2 - 11/(j/(-2)). Suppose t + 6 = 5*z. List the prime factors of z.
3
Suppose q = 3*q - 2. Let y(d) be the first derivative of 4*d**3 - d**2 + d + 3. What are the prime factors of y(q)?
11
Suppose 283 = 5*g - 182. List the prime factors of g.
3, 31
Suppose 3*o - 3 = 4*o, 3*r = 4*o + 351. List the prime factors of r.
113
Suppose -5*h = 9*r - 10*r - 535, 5*h - 535 = -r. What are the prime factors of h?
107
Let d(g) = -g**3. Let h(s) = 5*s**3 - 3*s**2 - 2*s - 4. Let y(b) = 4*d(b) + h(b). List the prime factors of y(4).
2
Let l = -3 + 3. Suppose 5*u - j - j - 17 = 0, l = -2*u - 5*j + 1. Suppose -4*b = 4, 0*c = -4*c + u*b + 47. What are the prime factors of c?
11
Let a(m) = 12*m + 1. Let k be a(1). Let y = k + -6. What are the prime factors of y?
7
What are the prime factors of (-2)/6 - (-904)/12?
3, 5
Let c = -12 + 29. Let h = c - 2. What are the prime factors of h?
3, 5
Suppose -342 = -15*d + 588. List the prime factors of d.
2, 31
Let b = -2 - -4. Suppose i - 42 = -3*r, -3*r + 27 = b*i - 6*i. List the prime factors of r.
13
Suppose 0*n - 18 = -3*n. Let b = n - -10. List the prime factors of b.
2
Let h(f) = 3*f**2 + 29*f + 10. Let t(v) = -2*v**2 - 19*v - 7. Let i(s) = 5*h(s) + 7*t(s). Let b be i(-11). What are the prime factors of (-56)/(-6) - b/15?
2, 5
Let k(a) = a**2 + a - 7. Let s be k(-5). What are the prime factors of s - (0 + 3/(-1))?
2
Let a = 4 - 1. Suppose -42 = a*f - 6*f. What are the prime factors of f?
2, 7
Suppose -4*x - 20 = 3*c, c + 4*c = 5*x - 10. Let g = 0 + -7. Let y = c - g. List the prime factors of y.
3
Suppose 0 = 5*n + 2*h - 22, -2*n - 4*h = n - 16. Suppose 2 = c, -t + 4*t + c + n = 0. Let k(x) = -x**3 - x**2. List the prime factors of k(t).
2
Let w = -67 + 114. List the prime factors of w.
47
Suppose -3*m = -2*c + 19, -4 = -4*m - 2*c - 20. List the prime factors of 41/4 - m/(-20).
2, 5
Suppose 0 = 9*c - 7*c - 68. What are the prime factors of c?
2, 17
Suppose -4*q - 524 = -8*q. What are the prime factors of q?
131
Let u = 2 - 2. What are the prime factors of u/2 - (6 + -34)?
2, 7
Let q(k) = -k**2 + 5*k - 6. Let u be q(5). Suppose 4*i + 22 = 2*r, 3*i = -3*r - 0*r + 69. Let n = u + r. List the prime factors of n.
13
Let v = 63 - 14. What are the prime factors of v?
7
Let m = 60 + -14. What are the prime factors of m?
2, 23
Let m(w) = 2*w - 7. Let a(s) be the second derivative of -s**3/6 + 3*s**2/2 - 3*s. Let j be a(-4). What are the prime factors of m(j)?
7
Let f(u) = -u**2 + 9*u - 6. Let c(h) = 2*h - 6. Let m be c(7). List the prime factors of f(m).
2
Suppose 0 = 5*l - 797 + 102. List the prime factors of l.
139
Let n be (-2)/(-3) - (-1336)/(-6). Let s = -130 - n. What are the prime factors of s/16 + (-1)/(-4)?
2, 3
Let g be -1 - (1 + 1 + -7). Suppose 2*m = 5*w + 19, -w = -4*m - 0*w + 11. Suppose 0 = q + m - g. List the prime factors of q.
2
Let m(h) = 2*h**2 + 5*h - 10. List the prime factors of m(-8).
2, 3, 13
Suppose 3*l - 3*h - 84 = -6*h, 0 = -4*l + 5*h + 85. What are the prime factors of l?
5
Suppose -2*s - 69 = -3*j + 130, -5*j = -2*s - 337. List the prime factors of j.
3, 23
Suppose 5*a + 22 = -v, 5*a = -2*v - 0 - 19. Suppose 2*p - 5*l = -14, 0*p + p = v*l - 9. List the prime factors of ((-27)/4)/(p/(-8)).
2, 3
Let c be 0 - (-5 - 0/(-2)). Let j(i) = -i + 3*i + 2 + i - 2*i. List the prime factors of j(c).
7
Let y(u) = -10*u. Let q(i) = 2*i**2 + 0*i - 3*i**2 - 3 + 3*i. Let z be q(2). List the prime factors of y(z).
2, 5
Suppose -5*s = -4*s - 66. List the p